*r + 229. Give h(8).
-131
Let f(r) = -818*r + 1612. Determine f(2).
-24
Let s(l) = l**2 + 29*l - 357. Determine s(9).
-15
Let c(k) = -k**2 + 64*k + 188. What is c(66)?
56
Let d(o) = 5*o**2 - 2*o - 89. Give d(0).
-89
Let d(n) = n**3 + 28*n**2 - 36*n - 121. What is d(-29)?
82
Let s(i) = -1218*i - 36598. Give s(-30).
-58
Let d(o) = 33*o**2 + 168*o + 9. What is d(-5)?
-6
Let j(t) = -t**3 - 17*t**2 + 66*t + 17. Give j(-19).
-515
Let b(o) = -161*o - 4909. Give b(-31).
82
Let w(v) = 3*v**2 + 11*v - 945. Give w(16).
-1
Let m(u) = 6*u**2 - 241*u + 52. Give m(42).
514
Let w(s) = s**3 - 13*s**2 - 20*s - 149. Give w(13).
-409
Let n(f) = -567*f + 6794. Determine n(12).
-10
Let j(x) = -3*x**2 + 5*x + 27. Give j(-4).
-41
Let r(l) = -131*l + 4103. Calculate r(32).
-89
Let p(c) = -165*c - 47514. Give p(-288).
6
Let n(k) = 41*k + 33. Calculate n(4).
197
Let u(z) = z**3 - 23*z**2 + 48*z - 114. Give u(21).
12
Let w(p) = 7*p**2 + 104*p + 11. Calculate w(-15).
26
Let p(n) = 19*n**3 - 130*n**2 - 12*n + 3. What is p(7)?
66
Let a(d) = -d**3 - 4*d**2 - 17*d + 22. What is a(1)?
0
Let c(s) = -13*s**2 - 104*s - 39. Give c(-8).
-39
Let b(o) = -341*o + 5167. What is b(15)?
52
Let f(q) = q**2 + 15*q + 82. Give f(-14).
68
Let j(g) = g**3 - 9*g**2 - 78*g - 143. Determine j(-4).
-39
Let d(y) = 500*y + 12504. Give d(-25).
4
Let m(b) = -68*b**2 + 6126*b - 534. Calculate m(90).
6
Let k(i) = 6*i**2 - 237*i + 122. Give k(39).
5
Let q(m) = 40*m**2 - 441*m - 8. What is q(11)?
-19
Let q(w) = -149*w + 517. Give q(3).
70
Let h(n) = 534*n - 5334. Give h(10).
6
Let o(t) = 7*t**3 + 9*t**2 + 8*t - 2. Give o(-1).
-8
Let z(j) = 17*j**3 - 23*j**2 + 4*j - 25. What is z(3)?
239
Let s(l) = 211*l + 3202. Calculate s(-15).
37
Let x(i) = 3*i**3 + 13*i**2 - 29*i - 115. Give x(-4).
17
Let q(l) = -l**3 - 22*l**2 - 42*l - 31. Determine q(-20).
9
Let z(u) = -u**3 + 149*u**2 - 271*u - 3380. Give z(147).
1
Let n(i) = 105*i - 31. Determine n(1).
74
Let i(f) = -94*f - 7463. Give i(-80).
57
Let t(v) = v**2 - 73*v + 942. Determine t(18).
-48
Let m(i) = -i**3 - 85*i**2 - 405*i - 391. What is m(-80)?
9
Let l(a) = 309*a + 3309. Calculate l(-11).
-90
Let x(d) = 34*d**2 + 1226*d + 84. Calculate x(-36).
12
Let u(m) = -m**3 + 29*m - 3. Calculate u(5).
17
Let k(t) = t**3 + 83*t**2 - 92*t - 676. Determine k(-84).
-4
Let d(l) = -35*l**2 + 53*l + 28. Give d(2).
-6
Let m(g) = g**2 + 5*g - 108. Give m(-15).
42
Let v(t) = -2*t**2 + 121*t + 231. What is v(62)?
45
Let r(a) = 2*a**2 + 51*a - 452. What is r(7)?
3
Let x(j) = -3*j**2 + 33*j - 5. Calculate x(11).
-5
Let c(m) = m**2 - 19*m - 111. Give c(26).
71
Let a(v) = 3*v - 124. Determine a(25).
-49
Let m(u) = 2*u**2 - 252*u + 1277. What is m(5)?
67
Let u(h) = -2*h**2 - 33*h - 118. Determine u(-11).
3
Let o(v) = v**3 - 37*v**2 - 74*v - 195. Determine o(39).
-39
Let u(c) = c**3 + 11*c**2 - 13*c + 18. Give u(-10).
248
Let o(i) = -i**2 - 31*i + 117. Determine o(4).
-23
Let c(i) = -i**3 + 76*i**2 - 823*i + 266. What is c(63)?
14
Let h(i) = 27*i**3 + 7*i**2 - 6*i. What is h(1)?
28
Let t(p) = -3*p**2 + 28*p - 244. Determine t(0).
-244
Let p(h) = 2*h**3 - 21*h**2 + 38*h + 22. Give p(8).
6
Let g(i) = -13*i + 329. Calculate g(26).
-9
Let t(n) = -25*n**3 - 10*n**2 + 15*n - 7. What is t(2)?
-217
Let m(u) = -u**3 - 24*u**2 - 127*u + 98. Give m(-16).
82
Let v(t) = -t**3 + 4*t**2 + 2*t + 14. Give v(6).
-46
Let n(x) = -3*x**2 + 38*x + 296. Determine n(-6).
-40
Let o(d) = -d**3 - 35*d**2 + 105*d - 338. Give o(-38).
4
Let k(h) = -h**2 + 13*h + 1594. Give k(-34).
-4
Let q(m) = 2673*m - 8025. Calculate q(3).
-6
Let q(j) = -19*j**3 + 2*j + 4. Determine q(-2).
152
Let z(b) = -b**2 - 23*b + 611. Calculate z(-39).
-13
Let o(w) = 4*w**2 + 20*w + 48. Calculate o(-4).
32
Let s(u) = -3316*u - 106116. Determine s(-32).
-4
Let g(n) = -4373*n**2 - 39359*n - 13. Give g(-9).
5
Let m(x) = -x**2 - 12*x - 29. Calculate m(-22).
-249
Let d(z) = 3*z**3 + 17*z**2 - 38*z - 236. Give d(-5).
4
Let c(f) = -2*f**3 + 2*f**2 - 5*f + 365. What is c(0)?
365
Let j(z) = -3*z**3 + 2*z**2 + 339*z - 22. What is j(11)?
-44
Let c(v) = -286*v**2 + 8*v + 9. Give c(-1).
-285
Let w(j) = -j**3 - 28*j**2 + 136*j + 3123. Give w(-29).
20
Let o(x) = x**2 - 43*x - 166. Calculate o(42).
-208
Let u(v) = 3*v**3 + 107*v**2 + 63*v + 48. What is u(-35)?
293
Let l(p) = 4*p**3 - 4*p**2 - 24*p + 36. Determine l(2).
4
Let r(h) = -129*h**2 + 47213*h + 356. What is r(366)?
-10
Let i(d) = -d - 41. What is i(-21)?
-20
Let r(x) = x**3 - 9*x**2 + 6*x + 30. Determine r(7).
-26
Let f(l) = -2*l**2 + 26*l - 75. Determine f(8).
5
Let r(p) = 18*p - 203. Calculate r(18).
121
Let u(n) = 1553*n + 6176. Determine u(-4).
-36
Let p(u) = 141*u + 269. What is p(-2)?
-13
Let t(m) = -126*m + 1756. What is t(14)?
-8
Let c(z) = -z**2 - 59*z - 686. Calculate c(-15).
-26
Let d(o) = o**3 - 4*o**2 - 66*o + 344. Calculate d(5).
39
Let w(j) = -10*j**2 - 7*j + 47. What is w(5)?
-238
Let q(y) = -4*y**2 - 50*y + 239. Give q(4).
-25
Let n(b) = b**2 + 6*b + 31. Give n(-16).
191
Let p(r) = r**3 + 72*r**2 - 5*r - 354. Calculate p(-72).
6
Let y(a) = -274*a + 5814. Determine y(21).
60
Let y(b) = -b**3 + 3*b**2 + 51*b - 5. Give y(9).
-32
Let a(o) = o**3 - 10*o**2 + 29*o + 49. Calculate a(9).
229
Let t(f) = 7*f + 102. Calculate t(-7).
53
Let d(b) = 4*b**2 - 2871*b - 8646. Calculate d(-3).
3
Let d(r) = -r**3 - 4*r**2 - 13*r - 21. Calculate d(-3).
9
Let g(v) = -8860*v + 168330. What is g(19)?
-10
Let b(q) = -972*q + 6793. What is b(7)?
-11
Let i(m) = 11*m + 38. Give i(-12).
-94
Let n(a) = -18*a + 23. Calculate n(0).
23
Let x(p) = 10*p**2 + 456*p - 671. Give x(-47).
-13
Let l(u) = 45*u + 1306. Determine l(-45).
-719
Let h(z) = -z**3 - z**2 + 11*z + 4. Calculate h(-3).
-11
Let s(f) = f**2 + 62*f - 725. What is s(10)?
-5
Let v(z) = z**2 + 221*z + 4404. Calculate v(-22).
26
Let c(g) = -2*g**2 + 19*g + 17. Calculate c(-10).
-373
Let d(u) = u**3 + 95*u**2 - 1904*u + 3. Determine d(-112).
3
Let f(j) = 4*j**3 - 5*j**2 - 76*j - 2. Calculate f(5).
-7
Let f(i) = 6*i**3 - 7*i**2 - 5. Determine f(3).
94
Let v(x) = -7*x**2 + 490*x + 429. Calculate v(71).
-68
Let p(u) = 6*u**2 + 98*u - 15. Give p(-16).
-47
Let m(g) = -64*g + 3348. What is m(52)?
20
Let z(f) = -f**2 - 513*f - 3038. Give z(-6).
4
Let w(b) = 21*b**2 - 509*b - 7. What is w(23)?
-605
Let q(i) = -i**3 - 26*i**2 + 59*i + 1543. Calculate q(-26).
9
Let z(o) = 24*o + 1443. Give z(-51).
219
Let p(x) = -30593*x + 91778. Determine p(3).
-1
Let o(y) = 10*y**2 - 23*y - 5. Calculate o(2).
-11
Let o(a) = a**3 - 35*a**2 + 174*a. Calculate o(29).
0
Let l(y) = -418*y + 833. Determine l(2).
-3
Let f(z) = z**3 - 33*z**2 - 278*z - 26. What is f(40)?
54
Let w(i) = -i**3 - 15*i**2 - 47*i + 2. Give w(-7).
-61
Let g(n) = 128*n - 8693. Give g(68).
11
Let n(d) = -13*d**3 - 2*d**2 - 23*d - 22. Give n(-1).
12
Let u(r) = -7*r**2 - 42*r - 295. Calculate u(-8).
-407
Let r(x) = -10*x - 404. What is r(-51)?
106
Let h(v) = 139*v + 118. Calculate h(-4).
-438
Let f(h) = 334*h - 7327. Determine f(22).
21
Let l(g) = 164*g + 338. What is l(-2)?
10
Let q(h) = -32*h + 232. Determine q(5).
72
Let w(r) = r**3 - 35*r**2 + 56*r + 1258. What is w(32)?
-22
Let n(q) = 8*q**3 - 41*q**2 + 6*q - 7. What is n(5)?
-2
Let n(h) = -2*h**2 + 37*h + 8. Calculate n(18).
26
Let h(c) = 43*c**2 + 175*c + 8. What is h(-4)?
-4
Let g(q) = 531*q + 3197. Give g(-6).
11
Let g(q) = -561*q**2 + q - 3. Give g(0).
-3
Let o(p) = p**3 + 19*p**2 - 11*p + 11. What is o(-19)?
220
Let a(j) = -10*j**2 - 12*j + 43. Give a(-7).
-363
Let q(l) = -l**3 - 15*l**2 - 58*l - 12. Calculate q(-8).
4
Let d(o) = -o**2 - 196*o - 2580. What is d(-14)?
-32
Let p(q) = 4*q + 731. Determine p(10).
771
Let d(r) = 5*r**2 - 167*r + 34. Determine d(33).
-32
Let k(x) = -64*x - 2211. Calculate k(-34).
-35
Let p(a) = a**3 - 15*a**2 + 4*a + 110. Calculate p(7).
-254
Let u(m) = 62*m - 87. Give u(0).
-87
Let v(t) = 3*t**3 - 2*t**2 - 20*t + 11. Calculate v(-4).
-133
Let p(g) = -3*g**3 + 13*g**2 - 14*g - 2. Give p(5).
-122
Let b(x) = 2*x**2 - 50*x + 197. Determine b(20).
-3
Let o(r) = -r**3 + 56*r**2 - 721*r - 8. Calculate o(20).
-28
Let m(x) = -3649*x + 21899. What is m(6)?
5
Let d(c) = -2*c**3 + 34*c**2 + 12*c + 50. Calculate d(18).
-382
Let d(l) = -3504*l - 77092. Determine d(-22).
-4
Let m(c) = -21*c**3 - 9*c**2 + 8*c - 10. Give m(3).
-634
Let 